a = 66 - 56. Let j(r) = 13*r - 33. What are the prime factors of j(a)?
97
Suppose 300*q = 305*q + v - 27157, v + 5435 = q. What are the prime factors of q?
2, 7, 97
Let j be (-10)/(-5) + 0/(-1 + 2). Suppose -b + 399 = j*b. Suppose -36*q + 37*q = b. What are the prime factors of q?
7, 19
Let l(w) = -w**3 + 26*w**2 + 59*w + 25. Let n be l(27). Suppose 5*z + u = 2436, 3*z - 5*u = n + 567. What are the prime factors of z?
487
Let y(z) = -20*z - 2*z**2 + 15 + 10*z + z**2. Let r be y(-9). Let j = 24 + r. What are the prime factors of j?
2, 3
Let v be (2/(-3))/(20/(-1410)). Let j = v - -61. List the prime factors of j.
2, 3
Let x(b) = 13*b - 770. Let v be x(0). Let u = -356 - v. List the prime factors of u.
2, 3, 23
Let w = 72 + 33. Suppose -4*f - a = -w, f = -5*a + 6*a + 20. Let v = 170 - f. What are the prime factors of v?
5, 29
Suppose h - 4*p - 12948 = 0, 51*h - 46*h - p - 64873 = 0. List the prime factors of h.
2, 811
Suppose 3*a = x - 4, 3*a - 4*a + 8 = 2*x. Suppose -n - 24 = -x*j + n, 2*j = -2*n. Suppose j*i - 532 = -4*q, 9*q - 148 = 8*q + 2*i. List the prime factors of q.
2, 3, 23
Let f(n) = -15*n**3 - 9*n - 17. Let r(d) = 14*d**3 + 9*d + 17. Let m(u) = 4*f(u) + 3*r(u). List the prime factors of m(-2).
5, 29
List the prime factors of (598/52)/((-1)/(-852)) - (4 + 2).
2, 3, 17
List the prime factors of (-7248 - (-20 + 15))*-1.
7243
Let y(h) = 0 + 9044*h - 1 + h**3 + 5 - 7*h**2 - 9063*h. What are the prime factors of y(12)?
2, 31
Suppose 0*x + 5 = 2*x - v, -3 = v. Let l be 213 + -2 + 5/x. What are the prime factors of ((-11)/3)/((-12)/l)?
2, 3, 11
Suppose 3 = o - 0. Suppose 3*s - 57 = 3*q, -s + o*s - 26 = -q. Suppose -s = -0*n - 5*n. List the prime factors of n.
3
Let w(a) = 3*a**3 + 3*a**2 - 3*a - 7. Let f be w(3). Suppose -3*c = -f - 103. Let v = c - 26. What are the prime factors of v?
3, 13
Let m(p) = 99*p + 6 - 4*p**2 + 6 - 1 + 10. What are the prime factors of m(19)?
2, 229
Let f = -7733 - -13494. What are the prime factors of f?
7, 823
Let d = 3706 + 2263. List the prime factors of d.
47, 127
Let j = 83440 + -49816. What are the prime factors of j?
2, 3, 467
Suppose -27132 = -21*k + 30*k - 28*k. List the prime factors of k.
2, 3, 7, 17
Suppose -2*t + 45 = -3*p + 11, 4*p + 47 = 3*t. Let f(l) = -2*l + 1. Let u be f(-4). List the prime factors of u/4 + -2 + (-486)/p.
61
Let c = -439 + 381. List the prime factors of ((-1186)/(-8))/(c/(-8) - 7).
593
Let d(y) = 19*y**2 - 11 + 26*y**2 - 2*y + 7. What are the prime factors of d(3)?
5, 79
Let w be (-7)/35 - 31/(-5) - -42. What are the prime factors of (-15564)/(-10) - (w/20 - 2)?
2, 389
Let k = -15364 + 23409. List the prime factors of k.
5, 1609
Suppose 0 = -51*d - 40*d - 46328 + 265911. List the prime factors of d.
19, 127
Let o(h) = 24*h**3 - 2*h**2 + 5*h - 8. Let m be o(8). List the prime factors of (-1)/(6/m*-2).
2, 127
Let h = 61 - -85. Let w be -7 + 1 - (-196 - -194). What are the prime factors of (-3 - -1)*h/w?
73
Let x = 126 + -126. Suppose -4*p + x*h + 154 = -2*h, -2*h = -10. List the prime factors of p.
41
Let n = 95962 - 55937. List the prime factors of n.
5, 1601
Let a be ((-15 - -12) + (-6)/(-2))/1. Suppose a = c - 2*c + i + 554, -2*c - 3*i = -1093. What are the prime factors of c?
19, 29
Suppose -3*n + x - 4*x = 9, 5*n - 3*x = 17. Let l be 3 - 19*(-3 + n). Suppose 0 = -3*d + 4*p + l, 3*d + 2*d - p - 57 = 0. What are the prime factors of d?
11
Suppose -2*h = h - 2*s - 23, 0 = 3*h + 3*s - 3. Let q(d) = 13*d - 17. Let x be q(h). Let a = x + -45. List the prime factors of a.
3
Suppose -18104 = -3*m + 4*z + 19260, 5*m - 3*z = 62277. What are the prime factors of m?
2, 3, 173
Let s(t) = 3471*t**2 + 609*t - 2457. What are the prime factors of s(4)?
3, 5, 3701
Suppose 10*j - 568 - 132 = 0. Let k = j + -41. Let m = k + -10. What are the prime factors of m?
19
Suppose 0 = 53*o - 56*o. Suppose 10*x - 890 - 480 = o. What are the prime factors of x?
137
Let b = 376 + -377. List the prime factors of ((-57)/114)/(b/152).
2, 19
Suppose -45*q + 3080225 = 53*q - 741579. What are the prime factors of q?
2, 17, 31, 37
Let q be (-1)/(5*1/(-50)). List the prime factors of 920*((-45)/q)/(-9).
2, 5, 23
Let w be (11 + 6)/(2*3/30). Let y = -75 + w. What are the prime factors of 4/5 + 2552/y?
2
Suppose 0 = -5*p + 5*x - 13 - 7, 0 = 5*x + 20. Let r(g) = -17 + 59*g + 61 - 61*g. List the prime factors of r(p).
2, 3, 5
Let o(c) = -3*c**3 - 5*c**2 + 11*c + 7. Let h(u) = u**3 - u**2 - 1. Let m(i) = -4*h(i) - o(i). Let s be m(7). List the prime factors of (-12)/s*(-633)/2.
211
Suppose 0 = -4*i + 2*i + 30. Let j(z) = z**3 - 14*z**2 - 14*z - 15. Let w be j(i). Suppose w*l = 3*k + 4*l - 298, 5*l - 500 = -5*k. List the prime factors of k.
2, 3, 17
Suppose -d - 7804 = -2*i, -645*i + 648*i - 11704 = d. List the prime factors of i.
2, 3, 5, 13
Suppose 3*g = 3*h - 17484, 31*h + 17472 = 34*h + g. What are the prime factors of h?
5, 233
Let c be 246 - (0/3)/2. Let n = c - 175. List the prime factors of n.
71
Suppose 8 = -4*z, 31*z = 5*h + 33*z - 19671. What are the prime factors of h?
5, 787
Let l(x) = 10*x - 18. Let d = 34 - 30. Let k be l(d). Suppose -5*s + k = 7, 5*u - s = 292. List the prime factors of u.
59
Let k be (-1)/(-4)*4 - 0. Let q be (-18*2/(-8))/(k/2). Suppose q*l - 8*l = 22. What are the prime factors of l?
2, 11
Let j be 684/(-76)*1/(-3). Suppose 4*m + 5*r - 143 = 4335, -j*r = 6. What are the prime factors of m?
2, 3, 11, 17
Let p(a) = -13*a**3 + 7*a + 49. What are the prime factors of p(-5)?
11, 149
Let i(r) = 29*r + 16. Let l = -53 + 58. Suppose d = 2*q + 12, l*d + 3*q = -7 + 28. What are the prime factors of i(d)?
2, 5, 19
Let w be (-60)/(-135) - 208/(-18). Suppose -5*p + 152 = w. List the prime factors of p.
2, 7
Suppose -6*o + 117728 = 2*i - 93058, 2*o - 70273 = 3*i. List the prime factors of o.
2, 8783
Let w = 8541 + -5484. List the prime factors of w.
3, 1019
Suppose -23*j = -30*j + 70. What are the prime factors of (6844/(-145))/((-1)/j)?
2, 59
Let i(z) = -z**2 - 66*z + 54. Let u be i(-45). Let h = -283 + u. What are the prime factors of h?
2, 179
Let s = 116 + -96. Suppose 0 = 13*z + s*z - 14982. List the prime factors of z.
2, 227
Let b = -153 + -135. Let w = -90 - b. List the prime factors of w.
2, 3, 11
Let h be (-2)/((24/(-16))/((-3)/(-4))). Let s(i) = -2 + i - 212*i**2 + 212*i**2 + 32*i**3. List the prime factors of s(h).
31
Let l be 180/(-25)*-1*5/3. Suppose -3*b + 1890 = -3*j + j, -4*j - l = 0. What are the prime factors of b?
2, 157
Let j = 34295 + -16249. What are the prime factors of j?
2, 7, 1289
Suppose 8*j - 5*j - 111 = 0. Suppose 2*g = 3*g - j. Suppose -5 + g = 2*r. What are the prime factors of r?
2
Let l(m) = -18*m**3 + 2*m**2 - 2*m + 16. What are the prime factors of l(-6)?
2, 997
Let l(d) = 50*d + 30. Let b(k) = 17*k + 17. Let h(n) = 17*n + 16. Let j(a) = -6*b(a) + 7*h(a). Let v(z) = -17*j(z) + 6*l(z). List the prime factors of v(5).
5, 13
Suppose -5*v = 187 - 142. Let o(g) = 2*g**3 + 17*g**2 - 20*g + 9. Let a be o(v). Let i = 193 - a. What are the prime factors of i?
5, 17
Suppose -2*n - 88 = 2*a - 2, 4*n - a + 197 = 0. List the prime factors of (-21276)/n - 2/8.
443
Suppose 21*p - 320 + 131 = 0. Suppose -3*k = -p, -2*o - 5*k + 0*k = -149. List the prime factors of o.
67
Suppose -2*x = -2*m + m + 38, 18 = m + 2*x. Suppose -m*d = -25*d + 3. Let p(j) = -22*j**3 - j. List the prime factors of p(d).
23
Let h = -308 - -313. Suppose -o = 4*o - h*i - 2480, -i = 3*o - 1488. List the prime factors of o.
2, 31
Let s = -221 + 522. Suppose -7*q - s = -14*q. Suppose 4*v - p - q = 188, 5*p - 99 = -2*v. List the prime factors of v.
3, 19
Let l be 2/16 - (-2046)/(-48)*-67. Let t = -1637 + l. List the prime factors of t.
23, 53
Let a = -1597 - -2248. Let f = a + -108. List the prime factors of f.
3, 181
Let w = -20062 + 30340. List the prime factors of w.
2, 3, 571
Let u(x) = 231*x**3 + 8*x**2 - 108*x + 392. What are the prime factors of u(4)?
2, 11, 13
Suppose 135 = 6*i + 9*i. Let h = 14 - i. Suppose 370 = h*l - 50. List the prime factors of l.
2, 3, 7
Let n(k) = 253*k**2 - 39*k + 17. What are the prime factors of n(9)?
19, 1061
Suppose 2*t = -227 - 71. Let o = 208 + t. What are the prime factors of 1/(1/1*1/o)?
59
Let i(d) = 0*d**2 - 12*d + 28*d**2 + 53 + 20*d - 4*d - d**3. List the prime fac